 - 1/2*y**2 - 1/3*y**3 - 2*y + 0*y**s. What is g(-1)?
-8
Let v(g) = g. Let q be (-3 + 1)/(2/(-12)). Let a(l) = l + 15. Let z be a(-14). Suppose -o + 0 + z = j, -4*o + q = 2*j. Give v(o).
5
Let q be -6 + 14 - (-4)/(-2). Suppose 2*b = 5*d + q*b + 9, -5*d = -5*b. Let a(u) = -3*u**2 - 2*u - 1. Give a(d).
-2
Let z(o) = -o**3 - 16*o**2 - 15*o + 3. Let d be z(-15). Let j(a) = 5*a**2 - a + d*a**2 - 6*a**2 + 2*a**2. Let u = 2 - 3. Give j(u).
5
Let r(w) = 5*w**2 - 2*w - 1. Suppose 2*f - 66 = -10. Suppose 4*j - f = -4*n, n - 3*j = -5*j + 11. Suppose 5 = -8*t + n*t. Calculate r(t).
6
Let h(v) = -v**3 - 10*v**2 + 11*v - 5. Suppose -22 = -10*u + 12*u. Determine h(u).
-5
Let h(j) = -j**3 + 6*j**2 + 7*j + 7. Let b(r) = r - 22. Let i be b(19). Let o be 11 + -3 + 2 + i. Calculate h(o).
7
Let q(s) = -5*s + 12. Let h(c) = -6*c + 17. Let a(t) = -2*h(t) + 3*q(t). What is a(-3)?
11
Let h(l) be the second derivative of l**6/360 + l**5/24 - l**4/6 + l**3/6 + l. Let c(v) be the second derivative of h(v). Let x = 2205 + -2210. What is c(x)?
-4
Let x be (2/(-3))/((-2)/(-6)). Let k(f) = -5*f + 5. Suppose -5 = -2*a + 1. Let b(u) = -6*u + 6. Let w(n) = a*b(n) - 4*k(n). Determine w(x).
-6
Let p(x) = -7*x**2 + 2*x + 6. Let d(r) = -12*r**2 + 2*r + 11. Let f(z) = 4*d(z) - 7*p(z). Calculate f(7).
9
Let i(k) = -3*k. Let s(d) = 4*d. Let g(l) = -7*i(l) - 5*s(l). Determine g(7).
7
Suppose -11 = 5*h - 52*j + 50*j, -7*h + 4*j = 7. Let n(y) be the second derivative of 0 + 1/2*y**2 - 1/3*y**4 + 7/6*y**3 - y - 1/20*y**5. Calculate n(h).
-9
Let p(l) = 2*l - 6. Let u be 0 - (-4)/(-8)*-6. Suppose i + u*i = 0. Let d be p(i). Let w(k) = k**2 + 4*k. What is w(d)?
12
Let p(a) = -a**3 + 3*a**2 - 2*a + 3. Let l be p(3). Let b(t) = t**2 + 3*t + 6. Give b(l).
6
Let a(w) be the second derivative of -w**7/840 - w**6/45 - w**5/20 + w**4/6 + 11*w**3/2 - 6*w. Let h(j) be the second derivative of a(j). What is h(-7)?
-3
Let k(z) = 439*z**2 + 10*z - 217*z**2 - 224*z**2 - 9. Calculate k(6).
-21
Let n be 108/(-26) - 4/(-26). Let r(a) = -3*a - 6. Let q be r(n). Let z be (0 + q/2)*-1. Let d(h) = h**2 - 4. Give d(z).
5
Let j(s) = -s + 14. Suppose -18 = -2*t - m, 4*t - 17*m + 20*m = 36. Determine j(t).
5
Let a(z) = -z**2 + 3. Suppose -18 = m - 4*y, -4*m - 4*y = -y - 23. Suppose 22 = -2*p - 2*p + 5*u, -u + m = 0. Calculate a(p).
-6
Let x(l) = 6*l**3 + 5*l**2 - 6*l + 15. Let t(z) = z**3 + z**2 - z + 3. Let g(m) = -11*t(m) + 2*x(m). Let h = 5 - 2. What is g(h)?
12
Let m(b) = b**2 + 11*b + 20. Let t(w) = 26*w + 20. Let u be t(-1). Determine m(u).
-10
Let p(m) be the third derivative of m**6/120 + 7*m**5/60 + m**4/3 + 5*m**3/6 - m**2. Let y = -323 - -317. Give p(y).
-7
Let g(u) = -12*u + 8. Suppose 5*r = -35 + 10. Let v(q) = -8*q + 5. Let t(l) = r*g(l) + 8*v(l). Determine t(-1).
4
Let n be (6/2 - (8 + -1)) + 2. Let o(i) = -9*i - 4. Determine o(n).
14
Let o(k) = k**2 - 2*k + 3. Suppose -19 = -4*n + 33. Let t = -9 + n. Let p = t - 1. Determine o(p).
6
Let n = 22 - 17. Suppose -14 + 4 = n*j. Let k(r) = 3*r + 1. What is k(j)?
-5
Let s(z) = z - 7. Let i be s(9). Let d(v) = 11*v**i + 3 - 54*v + 50*v - 10*v**2. Calculate d(4).
3
Let v(b) = -b**3 + 7*b**2 + 11*b + 1. Let u = -628 - -636. Determine v(u).
25
Let h = -9 + 13. Let m(o) = -2*o**2 - 1 + 4 - h*o**2 + o**2 + o. Let t(b) = -4*b**2 + 4. Let l(g) = 3*m(g) - 4*t(g). Give l(-5).
3
Let p(z) = z**2 + 2*z + 3. Let n(r) = -3*r**2 + 3*r + 7. Let w be n(-3). Let x = w - -41. Suppose x = -3*m - 4*c - 20, 5*c + 13 = 3*m. Determine p(m).
11
Let o(z) be the first derivative of -5 + 1/2*z**2 - z. What is o(4)?
3
Let p(y) be the first derivative of 6*y**2 + y - 13. Let v = 1 - -1. Let m be (-2)/4*v/(-1). Determine p(m).
13
Let z(i) = -i**3 + 0*i**2 - 4 + 3*i**2 + 3*i + 0*i**3. Let n(o) = -o + 1. Suppose 0 = -6*t + t - 15. Let y be n(t). Determine z(y).
-8
Let v(r) = -5*r**2 - 2*r. Let g(c) = -4*c**2 + c - 8. Let l(o) = g(o) - v(o). Let n be (2/1)/((-2)/7). Determine l(n).
20
Let d(l) be the second derivative of l**5/2 - l**4/12 + 5*l + 2. What is d(-1)?
-11
Let k(b) = -b + 8. Suppose -206*f - 9 = -207*f. Let v(s) = s - 17. Let o(h) = f*k(h) + 4*v(h). What is o(-3)?
19
Let j(t) be the second derivative of -t**4/4 - t**3/2 - t**2 + 177*t. Determine j(-3).
-20
Let s(b) = b**2 - 12*b - 10. Let i(l) = 3*l**2 - 5*l - 3. Let y be i(3). Give s(y).
-37
Suppose i + 13 = 5*w - w, 3*w = -5*i + 27. Suppose o = 2*z - 6, z - 3*o - 12 = -w. Let p(r) = r**2 + 3*r - 2*r - z*r - 2. Determine p(4).
10
Let x(y) = 2*y**2 - y**2 + 7*y + 12 - 15. Calculate x(-4).
-15
Let q(n) = -n + 5. Let f be q(6). Let m(s) = 2 + 22*s + 0 - 21*s. Determine m(f).
1
Suppose 60 + 0 = 12*k. Let q(b) = b. Let n(o) = o**2 - 2*o - 7. Let c(h) = n(h) - q(h). Determine c(k).
3
Let p(j) = 3*j - 5. Suppose 4*f - 22 + 2 = 0. Suppose 2*c = 4*s - 8, 5*c - c = -f*s + 36. Determine p(c).
7
Let u(a) be the first derivative of -a**5/60 + a**4/4 - 7*a**3/6 + 7*a**2 + 7. Let i(m) be the second derivative of u(m). Calculate i(6).
-7
Let s(d) = d**3 + d - 2. Let f be (-16)/28*14/(-2). Suppose -f*x + t + 15 = 0, -t = x + 2*x - 13. Suppose 0*v + 6 = 5*v - y, x*v = 3*y - 4. Calculate s(v).
8
Let g(r) = -2*r + 2467*r**2 + r**3 + 4 + 3 - 2463*r**2. What is g(-6)?
-53
Let g(l) be the first derivative of l**4/4 - 16*l**3/3 - 8*l**2 - 11*l - 226. Calculate g(17).
6
Let j(h) = -4*h + 78*h**3 + h - 79*h**3 - 5 + 3*h**2. Let c(t) = -3*t**3 + 9*t**2 - 8*t - 14. Let l(r) = -6*c(r) + 17*j(r). What is l(3)?
-10
Let v(g) = g**2 + g - 2. Let a(u) = 37*u**2 + 2. Let k(q) = a(q) + v(q). Give k(1).
39
Let j(r) = r**3 - r**2 - r + 1. Suppose 6*g = 8*g - 6. Let d be (10/(-6))/((-1)/g). Suppose 5*p + 26 = 3*b - d, -5*p - 21 = 2*b. Determine j(b).
3
Let c = 8 - 14. Let a(m) be the first derivative of m**5/60 + 7*m**4/24 - m**3/6 + 2*m**2 - 67. Let l(u) be the second derivative of a(u). What is l(c)?
-7
Let s(t) be the third derivative of -t**4/24 + 4*t**3 - 5*t**2 + 8. Determine s(0).
24
Let l(m) = -6*m - 7*m**2 + 10*m - 7*m - 2 + 2*m**2 - m**3. Determine l(-5).
13
Let o(w) = 13*w + 8. Let z(m) = -6*m - 4. Let y(a) = -2*o(a) - 5*z(a). Suppose 0*x + 4*g = 4*x + 12, -2*g = 3*x + 9. What is y(x)?
-8
Let g(h) = -14*h - 14*h - 11*h + 2 + 45*h - 7*h. Determine g(-1).
3
Let b(r) = -r + 11. Let g be b(9). Let s(t) = t**2 + 2*t - t**2 + 3 + 0*t**g - 2*t**2. Determine s(4).
-21
Let r(n) = -n**2 + n + 1. Let o(g) = -12*g - 272. Let d be o(-23). Suppose 0 = -i + 2*i - 6. Let m be i*(d - 8)/(-12). What is r(m)?
-1
Let y(w) = -w**3 + 5*w**2 + 6*w + 7. Let i be y(6). Let g = -6 + i. Suppose g + 2 = -o. Let r(k) = -2*k. Calculate r(o).
6
Let r(q) = -6*q - 43. Let g be r(-8). Let y(k) = k**3 - 4*k**2 + 2*k - 2. Determine y(g).
33
Let y(c) be the second derivative of -c**8/6720 + c**7/840 - c**6/360 - c**5/120 + 7*c**4/12 + 7*c. Let j(n) be the third derivative of y(n). Determine j(2).
-1
Let o(d) = -d**2 - 5*d - 4. Let x be (6 - -1)*(-2)/(-7). Suppose 2*v - 1 = -v + 2*k, -k = -2*v + x. Suppose 6*y = 5*u + 4*y + 21, -u + v*y = -1. What is o(u)?
-4
Let d = 250 - 259. Let v(w) = w**3 + 9*w**2 - 6. Determine v(d).
-6
Let j = -478 - -482. Let b(m) = m**2 - 3*m - 2. Determine b(j).
2
Let h(f) = 60*f - 19*f - 23*f - 17*f + 18. What is h(-9)?
9
Let q be ((-16)/24)/((-2)/18). Let t(r) = 5*r + 1. Let n(z) = 11*z + 2. Let k(p) = 2*n(p) - 5*t(p). Give k(q).
-19
Let s(q) = q - 1. Let k(r) = -r**2 + 1. Let p(x) = -k(x) - 4*s(x). Suppose 4*h = -12, 4*h = -3*z + 2*h. What is p(z)?
-1
Let c(k) be the second derivative of -k**5/60 - k**3/6 - 20*k**2 + 16*k. Let b(a) be the first derivative of c(a). Give b(0).
-1
Let o = 381 + -379. Let d(f) = -f**3 - 3*f + 1. What is d(o)?
-13
Let l(v) = 20*v - 1. Let m(c) = -85*c + 12. Let o(r) = -5*l(r) - m(r). Give o(-2).
23
Let f(g) = -g. Suppose -2*r - 16 = -4*r. Suppose r*m + 48 = -0*m. Calculate f(m).
6
Let h(j) be the third derivative of -j**4/8 + 3*j**3/2 + 181*j**2 + 2. What is h(7)?
-12
Let t(o) be the first derivative of -o**3/3 - o**2/2 + 5*o - 89. What is t(0)?
5
Let h(q) be the first derivative of 7*q**3/3 + q**2/2 - q + 94. What is h(1)?
7
Let n(q) be the third derivative of -q**5/60 - 5*q**4/6 - 7*q**3/2 + 3*q**2 + 18. Give n(-19).
-2
Let x(v) = 30*v + 30. Let g(f) = 270*f + 275. Let w(y) = 6*g(y) - 55*x(y). What is w(1)?
-30
Let q(h) = -62*h -